{"id":2,"date":"2006-10-31T20:08:02","date_gmt":"2006-10-31T19:08:02","guid":{"rendered":""},"modified":"2023-03-14T13:01:26","modified_gmt":"2023-03-14T12:01:26","slug":"about","status":"publish","type":"page","link":"http:\/\/www.stadtdokumentation.de\/?page_id=2","title":{"rendered":"\u00c3\u0153ber uns"},"content":{"rendered":"<blockquote><p><strong>Sta\u00cc\u00a3dt<\/strong>, die; mhd., ahd. stat = Ort, Stelle; Wohnst\u00c3\u00a4tte, Siedlung; seit dem 12.\u00c2\u00a0Jh. ma. Rechtsbegriff, erst vom 16.\u00c2\u00a0Jh. an orthografisch von <a href=\"http:\/\/www.duden-suche.de\/suche\/abstract.php?artikel_id=155989&amp;verweis=1&amp;shortname=fx\">Statt<\/a> unterschieden]: [&#8230;]<br \/>\n<strong>1. a)<\/strong> <em>gr\u00c3\u00b6\u00c3\u0178ere, dicht geschlossene Siedlung, die mit bestimmten Rechten ausgestattet ist u. den verwaltungsm\u00c3\u00a4\u00c3\u0178igen, wirtschaftlichen u. kulturellen Mittelpunkt eines Gebietes darstellt; gro\u00c3\u0178e Ansammlung von H\u00c3\u00a4usern [u. \u00c3\u00b6ffentlichen Geb\u00c3\u00a4uden], in der viele Menschen in einer Verwaltungseinheit leben: &#8230; <\/em><strong>b)<\/strong> \u00e2\u20ac\u00b9o.\u00c2\u00a0Pl.\u00e2\u20ac\u00ba <em>Gesamtheit der Einwohner einer <a href=\"http:\/\/www.duden-suche.de\/suche\/abstract.php?artikel_id=155082&amp;verweis=1&amp;shortname=fx\">Stadt<\/a><\/em> &#8230;<br \/>\n<strong>2.<\/strong><em>Verwaltung einer Stadt: <\/em>daf\u00c3\u00bcr ist die S. zust\u00c3\u00a4ndig; er hat die S. verklagt; sie ist, arbeitet bei der S. (Auszug \u00c2\u00a9 Bibliographisches Institut &amp; F. A. Brockhaus AG, 2006)<br \/>\n<strong>Do|ku|men|ta|ti|on<\/strong>, die; -, -en:<br \/>\n<strong>1. a)<\/strong> <em>Zusammenstellung, Ordnung u. Nutzbarmachung von Dokumenten u. [Sprach]materialien &#8230;<br \/>\n<\/em><strong>2.<\/strong> <em>Ausdruck von etw., beweiskr\u00c3\u00a4ftiges Zeugnis, anschaulicher Beweis: <\/em>eine D. internationaler Zusammenarbeit. (Auszug \u00c2\u00a9 Bibliographisches Institut &amp; F. A. Brockhaus AG, 2006)<\/p><\/blockquote>\n<p><span style=\"font-size: 10pt; color: windowtext; line-height: 120%; font-family: Verdana;\">Die AG Stadtdokumentation hat sich als Aufgabe gesetzt, die Ver\u00c3\u00a4nderungen in Dresden fotografisch zu dokumentieren und neue Sichtweisen auf das gewohnte Bild der Stadt zu finden.<\/span><span style=\"font-size: 10pt; line-height: 120%; font-family: Verdana;\">Anliegen der AG ist das Ausleuchten unserer individuellen Blickwinkel ebenso auf soziale wie objektive Inhalte. Dazu finden wir \u00c3\u00bcber berufliche und private Kontakte Kooperationen mit Institutionen wie dem Verein IDEE01239 oder der Rundkino-Initiative. Zudem f\u00c3\u00bchren wir uns selbst unsere Sichtweisen regelm\u00c3\u00a4ssig mit gemeinsamen Fotoaktionen wie der Arbeit an der Semperoper vor Augen.<\/span><\/p>\n<p><span style=\"font-size: 10pt; line-height: 120%; font-family: Verdana;\">F\u00c3\u00bcr das Rundkino wurden nach der weitgehenden Stillegung neue Nutzungen gesucht. Wir haben die Initiative dazu mit repr\u00c3\u00a4sentativem fotografischen Material unterst\u00c3\u00bctzt.<\/span><span style=\"font-size: 10pt; line-height: 120%; font-family: Verdana;\">In Prohlis versucht sich die AG-Stadtdokumentation erstmals in einem Multimediaprojekt. Wir wollen nicht nur fotografisch, sondern auch mit anderen Medien arbeiten. Es k\u00c3\u00b6nnen daher zus\u00c3\u00a4tzlich Ton- und Filmdokumente sowie Texte entstehen. Wenn m\u00c3\u00b6glich, so sollen die auf diese Weise entstehenden Dokumente in einer Ausstellung pr\u00c3\u00a4sentiert werden.<\/span><\/p>\n<p><span style=\"font-size: 10pt; color: windowtext; line-height: 120%; font-family: Verdana;\">Die Mitglieder sind derzeit: <\/span><span style=\"font-size: 10pt; color: windowtext; line-height: 120%; font-family: Verdana;\"><a href=\"https:\/\/christophboosen.wixsite.com\/fotografie\" target=\"_blank\" rel=\"noopener\">Christoph Boosen<\/a>, <\/span><span style=\"font-size: 10pt; color: windowtext; line-height: 120%; font-family: Verdana;\"><a href=\"https:\/\/ddpix.jimdofree.com\/\" target=\"_blank\" rel=\"noopener\">Mario Hennig<\/a>, <a href=\"http:\/\/www.anic.de\" target=\"_blank\" rel=\"noopener\">Annette Nickel<\/a>, Jan Minack, <a href=\"https:\/\/peter-zuber.jimdofree.com\/\" target=\"_blank\" rel=\"noopener\">Peter Zuber<\/a>, Silvia Kramer-L\u00c3\u00bcttig<\/span><a title=\"Homepage J\u00c3\u00bcrgen Naumann\" href=\"http:\/\/www.pressebuero-naumann.de\" target=\"_blank\" rel=\"noopener\"><br \/>\n<\/a><\/p>\n<p><span style=\"font-size: 10pt; color: windowtext; line-height: 120%; font-family: Verdana;\">Wir treffen uns jeden 2. und 4. Freitag im Monat um 19 Uhr<br \/>\n<\/span><span style=\"font-size: 10pt; color: windowtext; line-height: 120%; font-family: Verdana;\">in der Medienwerkstatt im Kultur Forum des <a title=\"riesa efau\" href=\"http:\/\/www.riesa-efau.de\" target=\"_blank\" rel=\"noopener\">riesa efau<\/a>, Wachsbleichstra\u00c3\u0178e 4a, 01067 Dresden.<\/span><\/p>\n<p class=\"NormalParagraphStyle\" style=\"margin: 0cm 0cm 0pt;\"><span style=\"font-size: 10pt; color: windowtext; line-height: 120%; font-family: Verdana;\">Neue Mitstreiter sind jederzeit willkommen!<\/span><\/p>\n","protected":false},"excerpt":{"rendered":"<p>Sta\u00cc\u00a3dt, die; mhd., ahd. stat = Ort, Stelle; Wohnst\u00c3\u00a4tte, Siedlung; seit dem 12.\u00c2\u00a0Jh. ma. Rechtsbegriff, erst vom 16.\u00c2\u00a0Jh. an orthografisch von Statt unterschieden]: [&#8230;] 1. a) gr\u00c3\u00b6\u00c3\u0178ere, dicht geschlossene Siedlung, die mit bestimmten Rechten ausgestattet ist u. den verwaltungsm\u00c3\u00a4\u00c3\u0178igen, wirtschaftlichen u. kulturellen Mittelpunkt eines Gebietes darstellt; gro\u00c3\u0178e Ansammlung von H\u00c3\u00a4usern [u. \u00c3\u00b6ffentlichen Geb\u00c3\u00a4uden], in der [&hellip;]<\/p>\n","protected":false},"author":1,"featured_media":0,"parent":0,"menu_order":1,"comment_status":"open","ping_status":"open","template":"","meta":{"footnotes":""},"class_list":["post-2","page","type-page","status-publish","hentry"],"_links":{"self":[{"href":"http:\/\/www.stadtdokumentation.de\/index.php?rest_route=\/wp\/v2\/pages\/2","targetHints":{"allow":["GET"]}}],"collection":[{"href":"http:\/\/www.stadtdokumentation.de\/index.php?rest_route=\/wp\/v2\/pages"}],"about":[{"href":"http:\/\/www.stadtdokumentation.de\/index.php?rest_route=\/wp\/v2\/types\/page"}],"author":[{"embeddable":true,"href":"http:\/\/www.stadtdokumentation.de\/index.php?rest_route=\/wp\/v2\/users\/1"}],"replies":[{"embeddable":true,"href":"http:\/\/www.stadtdokumentation.de\/index.php?rest_route=%2Fwp%2Fv2%2Fcomments&post=2"}],"version-history":[{"count":8,"href":"http:\/\/www.stadtdokumentation.de\/index.php?rest_route=\/wp\/v2\/pages\/2\/revisions"}],"predecessor-version":[{"id":3429,"href":"http:\/\/www.stadtdokumentation.de\/index.php?rest_route=\/wp\/v2\/pages\/2\/revisions\/3429"}],"wp:attachment":[{"href":"http:\/\/www.stadtdokumentation.de\/index.php?rest_route=%2Fwp%2Fv2%2Fmedia&parent=2"}],"curies":[{"name":"wp","href":"https:\/\/api.w.org\/{rel}","templated":true}]}}

Ãœber uns

<blockquote><p><strong>StaÌ£dt</strong>, die; mhd., ahd. stat = Ort, Stelle; WohnstÃ¤tte, Siedlung; seit dem 12.Â Jh. ma. Rechtsbegriff, erst vom 16.Â Jh. an orthografisch von <a href="http://www.duden-suche.de/suche/abstract.php?artikel_id=155989&amp;verweis=1&amp;shortname=fx">Statt</a> unterschieden]: [&#8230;]<br />
<strong>1. a)</strong> <em>grÃ¶ÃŸere, dicht geschlossene Siedlung, die mit bestimmten Rechten ausgestattet ist u. den verwaltungsmÃ¤ÃŸigen, wirtschaftlichen u. kulturellen Mittelpunkt eines Gebietes darstellt; groÃŸe Ansammlung von HÃ¤usern [u. Ã¶ffentlichen GebÃ¤uden], in der viele Menschen in einer Verwaltungseinheit leben: &#8230; </em><strong>b)</strong> â€¹o.Â Pl.â€º <em>Gesamtheit der Einwohner einer <a href="http://www.duden-suche.de/suche/abstract.php?artikel_id=155082&amp;verweis=1&amp;shortname=fx">Stadt</a></em> &#8230;<br />
<strong>2.</strong><em>Verwaltung einer Stadt: </em>dafÃ¼r ist die S. zustÃ¤ndig; er hat die S. verklagt; sie ist, arbeitet bei der S. (Auszug Â© Bibliographisches Institut &amp; F. A. Brockhaus AG, 2006)<br />
<strong>Do|ku|men|ta|ti|on</strong>, die; -, -en:<br />
<strong>1. a)</strong> <em>Zusammenstellung, Ordnung u. Nutzbarmachung von Dokumenten u. [Sprach]materialien &#8230;<br />
</em><strong>2.</strong> <em>Ausdruck von etw., beweiskrÃ¤ftiges Zeugnis, anschaulicher Beweis: </em>eine D. internationaler Zusammenarbeit. (Auszug Â© Bibliographisches Institut &amp; F. A. Brockhaus AG, 2006)</p></blockquote>
<p><span style="font-size: 10pt; color: windowtext; line-height: 120%; font-family: Verdana;">Die AG Stadtdokumentation hat sich als Aufgabe gesetzt, die VerÃ¤nderungen in Dresden fotografisch zu dokumentieren und neue Sichtweisen auf das gewohnte Bild der Stadt zu finden.</span><span style="font-size: 10pt; line-height: 120%; font-family: Verdana;">Anliegen der AG ist das Ausleuchten unserer individuellen Blickwinkel ebenso auf soziale wie objektive Inhalte. Dazu finden wir Ã¼ber berufliche und private Kontakte Kooperationen mit Institutionen wie dem Verein IDEE01239 oder der Rundkino-Initiative. Zudem fÃ¼hren wir uns selbst unsere Sichtweisen regelmÃ¤ssig mit gemeinsamen Fotoaktionen wie der Arbeit an der Semperoper vor Augen.</span></p>
<p><span style="font-size: 10pt; line-height: 120%; font-family: Verdana;">FÃ¼r das Rundkino wurden nach der weitgehenden Stillegung neue Nutzungen gesucht. Wir haben die Initiative dazu mit reprÃ¤sentativem fotografischen Material unterstÃ¼tzt.</span><span style="font-size: 10pt; line-height: 120%; font-family: Verdana;">In Prohlis versucht sich die AG-Stadtdokumentation erstmals in einem Multimediaprojekt. Wir wollen nicht nur fotografisch, sondern auch mit anderen Medien arbeiten. Es kÃ¶nnen daher zusÃ¤tzlich Ton- und Filmdokumente sowie Texte entstehen. Wenn mÃ¶glich, so sollen die auf diese Weise entstehenden Dokumente in einer Ausstellung prÃ¤sentiert werden.</span></p>
<p><span style="font-size: 10pt; color: windowtext; line-height: 120%; font-family: Verdana;">Die Mitglieder sind derzeit: </span><span style="font-size: 10pt; color: windowtext; line-height: 120%; font-family: Verdana;"><a href="https://christophboosen.wixsite.com/fotografie" target="_blank" rel="noopener">Christoph Boosen</a>, </span><span style="font-size: 10pt; color: windowtext; line-height: 120%; font-family: Verdana;"><a href="https://ddpix.jimdofree.com/" target="_blank" rel="noopener">Mario Hennig</a>, <a href="http://www.anic.de" target="_blank" rel="noopener">Annette Nickel</a>, Jan Minack, <a href="https://peter-zuber.jimdofree.com/" target="_blank" rel="noopener">Peter Zuber</a>, Silvia Kramer-LÃ¼ttig</span><a title="Homepage JÃ¼rgen Naumann" href="http://www.pressebuero-naumann.de" target="_blank" rel="noopener"><br />
</a></p>
<p><span style="font-size: 10pt; color: windowtext; line-height: 120%; font-family: Verdana;">Wir treffen uns jeden 2. und 4. Freitag im Monat um 19 Uhr<br />
</span><span style="font-size: 10pt; color: windowtext; line-height: 120%; font-family: Verdana;">in der Medienwerkstatt im Kultur Forum des <a title="riesa efau" href="http://www.riesa-efau.de" target="_blank" rel="noopener">riesa efau</a>, WachsbleichstraÃŸe 4a, 01067 Dresden.</span></p>
<p class="NormalParagraphStyle" style="margin: 0cm 0cm 0pt;"><span style="font-size: 10pt; color: windowtext; line-height: 120%; font-family: Verdana;">Neue Mitstreiter sind jederzeit willkommen!</span></p>

<p>StaÌ£dt, die; mhd., ahd. stat = Ort, Stelle; WohnstÃ¤tte, Siedlung; seit dem 12.Â Jh. ma. Rechtsbegriff, erst vom 16.Â Jh. an orthografisch von Statt unterschieden]: [&#8230;] 1. a) grÃ¶ÃŸere, dicht geschlossene Siedlung, die mit bestimmten Rechten ausgestattet ist u. den verwaltungsmÃ¤ÃŸigen, wirtschaftlichen u. kulturellen Mittelpunkt eines Gebietes darstellt; groÃŸe Ansammlung von HÃ¤usern [u. Ã¶ffentlichen GebÃ¤uden], in der [&hellip;]</p>
